s**4/6 - 4*s**2. Calculate j(-6).
-12
Let y(k) = k**2 - 5*k - 3. Let g = -26 + 30. Determine y(g).
-7
Let t(b) = 11*b - 29. Let k(n) = -4*n + 10. Let q(y) = 8*k(y) + 3*t(y). What is q(10)?
3
Let w be (-14)/6 - 8/12. Let o be (-16)/(-12)*w/(-2). Suppose -4*s - 17 = h, -4*s - o*h - 17 = 5. Let z(u) = u**2 + 2*u + 2. Calculate z(s).
5
Suppose 2*v = -g - 1, -g - 4*v - 5 = 2*g. Let j(y) be the first derivative of 1/3*y**3 + 7/2*y**2 + 1 + 3*y. Determine j(g).
-9
Suppose -11*c + 66 = -0. Let q(p) be the first derivative of -p**4/4 + 5*p**3/3 + 5*p**2/2 + 8*p - 1. Give q(c).
2
Let y(b) = b**3 + 2*b**2 + b + 1. Let o be (-2 + 17)*3/3. Let p be 12/(-5) - 9/o. Calculate y(p).
-11
Suppose -4*o - 20 = -3*x, 2*o - 16 = -5*x - 0*o. Suppose -20 = -5*y + 4*z, 4*z + z = x*y - 16. Let a(t) = -1 - 4*t + 5*t**3 + 3*t + y - 6*t**3. Determine a(0).
3
Let a(z) = z**3 + 6*z**2 + 6*z - 1. Let y be (-16)/(-6) - 2 - (-136)/(-24). Determine a(y).
-6
Let l(v) = -3*v**2 + 4*v + 6. Let x(m) = m**2 + m - 1. Let s(t) = l(t) + 2*x(t). Give s(3).
13
Let k(c) be the second derivative of -11*c**5/60 + c**4/24 - 5*c**2/2 + 5*c. Let x(i) be the first derivative of k(i). What is x(-1)?
-12
Let o(z) = 13*z + 1. Let n be o(2). Suppose 3*j + 0*j = -i + n, j + 3*i - 17 = 0. Suppose 5*h = h + j. Let s(v) = -v**2 + 6*v - 3. Determine s(h).
5
Let d(t) = 1. Let q(y) = -y - 5. Let i(n) = 3*d(n) - q(n). Suppose s + 30 = -4*s. What is i(s)?
2
Let w(n) = -7 - 2*n - 3*n + 2*n - 2. Let k(t) = 7*t + 17. Let j(c) = -2*k(c) - 5*w(c). What is j(-5)?
6
Let g(h) = -h**3 - h**2 - h + 11. Let r(b) = b + 9. Let a be r(-4). Let u = a + 0. Suppose -u*s + 2*s = 0. What is g(s)?
11
Let u(r) = -6*r - 2. Let o(g) = g + 1. Let c(i) = 3*o(i) + u(i). Calculate c(-1).
4
Let x(f) = f - 1. Let n be x(4). Let h(c) = -4*c + 3*c**3 + 0*c**n + 3*c**2 - 2*c**3 - 5. Let r(i) = -i**2 - i - 4. Let w be r(0). Determine h(w).
-5
Suppose 4*x + 43 - 11 = 3*b, 3*b = -4*x - 8. Suppose 0*c + 8 = 4*c. Let i(m) = 0*m**c - 5 - m**2 + 2*m**2 - 2*m. What is i(b)?
3
Let i(b) = -4*b - 10. Let a(x) = 2*x + 5. Let g(t) = -5*a(t) - 2*i(t). Calculate g(-6).
7
Let b be 18/4 + (-9)/6. Let y(q) = -q**2 - 4*q**2 - 3 + q**2 + b*q**2. Calculate y(0).
-3
Let y = 23 - 17. Let i(g) = g**2 - 6*g - 2. Calculate i(y).
-2
Let y(q) = q**3 - q - 1. Let v(z) = 2*z**3 - z**2 - 4*z + 3. Let b(s) = v(s) - 3*y(s). Suppose 3 = -x - 2*i + i, 6 = 3*x - 2*i. Calculate b(x).
6
Let m(x) = 3 + 0 - 6 - 9*x + 4*x**2. Let f(y) = 3*y**2 - 8*y - 3. Let o(i) = 6*f(i) - 5*m(i). What is o(-2)?
-5
Let a(h) = h + 3. Let k = 14 - 20. Give a(k).
-3
Let n(q) be the first derivative of -q**4/2 - 4*q**3/3 - 3*q**2/2 + 5. Suppose 1 = -2*c - 3. What is n(c)?
6
Let z(m) = 6*m**3 - 4*m**3 - m + 3*m**2 - 3*m**2 + 3*m**3. Let i = 3 + -5. Let k be i*2/4 + 2. What is z(k)?
4
Let l(z) = 5*z + 3. Let h(v) = 11*v + 7. Let k(g) = -6*h(g) + 13*l(g). Calculate k(4).
-7
Let v = 10 - 6. Suppose -m = -2*m - v. Let n(x) = -4 + 13*x**2 + 4*x**2 + 5*x - x**3 - 12*x**2 + 2*x**3. Calculate n(m).
-8
Let m(f) = -15*f + 7*f + 2*f + 12 + 5*f. Determine m(10).
2
Suppose q - 1 = -2*z, -3*q - 3 + 20 = -z. Let w(a) be the third derivative of -1/24*a**4 + 5/6*a**3 - a**2 + 0 + 0*a. Determine w(q).
0
Let d = -1 - -7. Suppose i + 3*n + 8 = 0, d*i + 8 = i + n. Let c(g) be the first derivative of g**3/3 - g**2/2 - g - 4. Determine c(i).
5
Let h(x) = -x + 1. Let t be h(0). Let a(j) = 1. Let m(y) = 2*y. Let u(l) = 12*l - 1. Let o(s) = -34*m(s) + 6*u(s). Let w(v) = t*o(v) + 2*a(v). Give w(3).
8
Let a = -9 - -13. Let m(x) = x**2 - 7*x. Calculate m(a).
-12
Let n be 8/(-28) + (-2)/(-7). Let o(s) = -s - 10. What is o(n)?
-10
Let s(t) = 5*t**2 - t - 2. Let a(b) = -5 + 9*b**2 - 2*b + b**2 + 4*b**2. Suppose -4*z - 1 = 5*y, 4*y - 8*y + 4 = 4*z. Let d(k) = z*a(k) - 17*s(k). Give d(5).
4
Let i(n) be the first derivative of -2*n**3/3 - 5*n**2/2 - 3*n - 3. Let b(a) = a - 7. Let c be b(7). Suppose 6*j - 4*j + 6 = c. What is i(j)?
-6
Let p(o) = -150*o + 75*o + 73*o. Determine p(6).
-12
Let u(s) = -241*s - 7 + 7 + 14 + 240*s. What is u(0)?
14
Let q(o) = o**2 - 2*o - 3. Let a = 12 - 10. Suppose -2*w + 5 + 11 = 0. Suppose 6*x + w = a*x. Give q(x).
5
Let t(m) = 2*m - 2. Let z = -22 + 17. Determine t(z).
-12
Let w(j) be the third derivative of j**6/60 - j**5/30 - j**4/8 - 18*j**2. Determine w(-2).
-18
Let q(i) = -5*i**2 - i - 3. Let m(p) = -6*p**2 - 2*p - 4. Let l(g) = -3*m(g) + 4*q(g). Calculate l(2).
-4
Let a(f) = -f**3 + 2 - 8 - 2 + 0*f**3. Calculate a(0).
-8
Let i(z) be the first derivative of -z**3/3 - z - 3. Let x(d) = -d + 1. Let n(t) = -2*i(t) - x(t). Give n(-2).
7
Let o(v) = -4*v - 3. Let k be o(-2). Suppose -3*p = -k*p + 2. Let c(t) be the third derivative of -t**5/12 - t**4/24 + t**3/6 + 18*t**2. Calculate c(p).
-5
Suppose 2 = -3*l - 4. Let o(a) be the second derivative of -a**8/6720 - a**6/720 - a**4/6 - 2*a. Let s(p) be the third derivative of o(p). Calculate s(l).
10
Let s(h) = 2*h**3 - 3*h + 3. Let j(i) = i**2 - 9*i + 2. Let f be j(9). Give s(f).
13
Suppose 16 = -3*k + w, 2 = 10*k - 9*k - 4*w. Let v(b) = 5*b. Calculate v(k).
-30
Let p(j) = 2*j**3 - j - 9. Let m(x) = -x**3 + x**2 + x - 1. Let w(s) = m(s) + p(s). Let y be (-3 - -3)*(-1 - 0). Let c = y - 0. What is w(c)?
-10
Let d(c) = -2*c**3 + 12 - 12 - 2*c**2 - c. Calculate d(-2).
10
Let u(v) = v**3 + 6*v**2 - v - 3. Let m = -24 + 18. Determine u(m).
3
Let o(i) = 0*i + 8 - 3 - 3 + 4*i. Calculate o(-2).
-6
Let r(a) = 6*a**3 - 6*a**2 - a + 4. Let h(j) = 7*j**3 - 6*j**2 - j + 5. Let c(w) = 5*h(w) - 6*r(w). Suppose -4 - 14 = -4*z + 3*x, 0 = -2*x + 4. Determine c(z).
7
Let r(s) = -s**3 - 4*s**2 + 5*s - 2. Let n be (3 + -3)/(2/(-1)). Let b = -7 + 15. Suppose 0 = -5*q - 4*z - 41, -z - z - b = n. Give r(q).
-2
Let g(x) = x**3 + 5*x**2 - 5*x + 2. Let v(u) = 5*u**3 + 22*u**2 - 20*u + 8. Let a(h) = h**2. Let n(p) = -2*a(p) + v(p). Let c(l) = -9*g(l) + 2*n(l). Give c(4).
2
Let a(t) = -t**3 - 2*t**2 - t + 2. Let u be (-2)/(8/20) + 12/4. Give a(u).
4
Let a(y) = -2*y - 2. Let n be 34/10 + 12/20. Let q = n - 16. Let w be q/(-18)*9/(-2). Give a(w).
4
Let i = -14 - -17. Let x(q) be the third derivative of 2*q**2 + 1/120*q**6 + 0 - 1/24*q**4 + 0*q - 1/3*q**i + 1/15*q**5. Give x(-3).
10
Let t = 12 + -9. Let p(o) = o**2 + 2*o**3 - 6*o**t - o - 3*o**2. What is p(-1)?
3
Let n(q) = q**2 + 3*q + 5. Let x(l) = -3*l**2 - 10*l - 15. Let z(f) = -11*n(f) - 4*x(f). Let i be 1/((-4)/(-22))*-2. Let c = 6 + i. What is z(c)?
-5
Suppose 4*c = 4*z - 3*z - 15, -3*z - 7 = c. Let d(u) = -4*u**2. What is d(z)?
-4
Let i = -18 + 12. Let t(y) = -y**2 - 7*y + 6. Calculate t(i).
12
Let d(i) = -i**3 - 10*i**2 - 12*i - 7. Let r(v) = 2*v**3 + 19*v**2 + 23*v + 14. Let m(b) = -7*d(b) - 4*r(b). What is m(-5)?
8
Let h(a) = a**3 + 2*a**2. Let t be h(-2). Let j(q) = -q**3 - q**2 - q + 1. Give j(t).
1
Let j(w) = 3*w + 4*w**2 - 4*w**2 - 3 + w**2. Let p = 0 + -4. Calculate j(p).
1
Let w(v) = -v**2 + 4*v + 4. Let d(q) = -q**2 + 5*q + 5. Let m(x) = -6*d(x) + 7*w(x). Let g be 10 + -3 + (-2)/(-2). Let b be (-2)/g - 14/8. Give m(b).
-2
Let l be 2/4*(-3 - -1). Let r(c) be the first derivative of 0*c**2 + 3 - 8/3*c**3 - c. Give r(l).
-9
Let a(u) = u + 1. Let l be 2/(-1*2) - -3. Suppose 5*p - 33 = -4*g, l*p - 3*g - 8 = -2*g. Suppose 0 = p*b - 4*c + 31, -3*b - 2*c = 2*b + 7. What is a(b)?
-2
Suppose 2*b - 8 + 2 = 0. Suppose 2*i = r - i + b, 0 = 5*r + 3*i + 15. Let s(t) = -t**3 - 4*t**2 - 5*t - 3. Give s(r).
3
Let m(t) be the third derivative of -t**7/2520 - t**6/180 + t**5/60 + t**4/6 + 3*t**2. Let y(b) be the second derivative of m(b). Give y(-4).
2
Let j(p) be the second derivative of 1/2*p**3 - 3/2*p**2 + p + 0. What is j(3)?
6
Let z(u) be the second derivative of -u**3/6 - u**2 + 8*u. Suppose 4*h + 13 = 3*x, 4*x = -5 + 1. Give z(h).
2
Let n = 12 + -7. Let d = 1 - -1. Let c(q) = d*q + q**2 + 4*q**2 + 5 + 2 - 6*q**2. Calculate c(n).
-8
Let h(w) = -3 + 3*w - 2 + 6. Suppose -3*l - 65 = -8*l. Let g = l + -12. Determine h(g).
4
Suppose 19*a + 40 = 24*a. Let y(j) = -j**2 + 5*j + 10. Calculate y(a).
-14
Let c(i) = -i**3 - i - 18. Let g be 0 - (-4 + -1 + 5). Calculate c(g).
-18
Suppose 0 = 6*s - 9*s - 3*l + 6, s + 5*l - 10 = 0. Let a(y) = -y - 3. Let o(x) = 5*x + 16. Let b(t) = -11*a(t) - 2*o(t). Determine b(s).
1
Suppose 0 = 6*s - 4*s. Let